 - 4. Let n = 5 + -2. Give l(n).
7
Let y(g) be the third derivative of 0*g - 1/12*g**5 + 0 - 1/12*g**4 + g**2 - 1/2*g**3 - 1/120*g**6. Calculate y(-5).
7
Let h = 0 - 0. Let n(a) = 7 + 3*a - 2*a + a**3 + 0*a**3 - 2*a + a**2. Determine n(h).
7
Let s(q) be the first derivative of q**6/36 - q**5/120 - 2*q**3/3 - 7. Let y(z) be the third derivative of s(z). Determine y(-1).
11
Let m be 14/6 + 7/(-21). Suppose 4*f + c + 3*c = 28, -17 = -3*f - 2*c. Let d(a) = a**2 - 2*a**f - 3 + a**3 + 4*a - 3*a**2. What is d(m)?
-11
Suppose 0 = -30*n + 62 + 58. Let p(f) = 2*f**2 + 0*f + 4 - 3 - 6*f. What is p(n)?
9
Let z = 35 - 36. Let i(u) = 4*u**2 + 1. Determine i(z).
5
Let u(o) be the third derivative of -o**4/24 + o**3/2 + 6*o**2. Let i be (-3)/2*8/(-6). Calculate u(i).
1
Let g(j) be the second derivative of 1/2*j**2 - 2/3*j**3 + 1/12*j**4 + 0 - 2*j. Suppose -2*a + 0 + 10 = 0. What is g(a)?
6
Let z(y) = y**2 - 2. Suppose 2*j = -2 - 4. Let w = -1 + j. Let p = w - -4. Determine z(p).
-2
Let c = -30 - -46. Suppose -2*z + 6*z - c = 0. Let r(m) = -m**3 + 3*m**2 + 2*m + 5. Give r(z).
-3
Suppose 0*r - 4 = -r. Let m(q) = 4*q**3 - 4*q + 5. Let z(y) = -y**3 + y**2 - 1. Let g(i) = m(i) + 5*z(i). Calculate g(r).
0
Suppose -n + 2 = -0. Let p(m) = 0*m**3 + 3 + m**3 - 4*m + m + 3*m**2 + n. What is p(-4)?
1
Let u(t) = t**3 + 6*t**2 + 5*t + 3. Suppose -2*z + 5*c - 23 = 0, 0*z + z + 3*c = 16. Let y be (-2 - (-1)/z) + -4. Calculate u(y).
3
Let x(k) = -k + 8. Suppose -5*u + 3*p - 18 = -105, -2*u = -2*p - 38. Suppose u = -4*s - 1. Let v(r) = r**3 + 3*r**2 - 6*r - 4. Let j be v(s). What is x(j)?
4
Let j(p) = 4*p + 7. Let i(o) = 5*o + 8. Let f be -1*6*(-2)/4. Let x be 11 + -4 + (1 - f). Let w(k) = x*i(k) - 6*j(k). Calculate w(4).
2
Let m(h) = 5*h**3 - h**2. Let n be m(1). Let o(t) = t**3 - 3*t**2 - t + 1. Determine o(n).
13
Let o(m) = -3*m + 2. Let h(q) = 0*q**2 + 5 + 7*q - 9*q**2 + q**3 + 0*q**2. Let p be h(8). Let n = p - -5. What is o(n)?
-4
Let j(c) = -c**3 + c**2 + c + 2. Let k be (-1 - (-8)/6)*6. Let a be j(k). Let u(d) = d**2 - 5*d + 4. Let t(o) = o - 1. Let y(w) = 6*t(w) + u(w). Give y(a).
-2
Let h(q) = -2*q + 1. Let g be h(-4). Let f = -5 + g. Let v(l) = -8*l**2 + 6 + 226*l + 9*l**2 - 233*l. Give v(f).
-6
Let s(x) = x**2 - 6*x + 1. Let l(j) = 2*j**2 + 0*j**2 + 6 - j**2. Let i be l(0). Determine s(i).
1
Let a(o) = -2*o - 4. Let z be a(-4). Let s(m) be the first derivative of m**2 - 5*m - 1. Give s(z).
3
Let l = -43 - -45. Let m(h) = 2*h**3 - 3*h**2 + h - 2. Give m(l).
4
Suppose 3*v + 2*z + 10 = 0, 0 = 3*v - 0*z - z + 22. Let u(n) = n**3 + 6*n**2 - 2*n - 1. Determine u(v).
11
Let t(s) = -s**2 - 7*s - 9. Let k(h) = -h - 3. Let r be k(3). Give t(r).
-3
Let z(q) = -q - 9. Suppose -5*d + p = 37, 3*d + 11 = -5*p - 0. What is z(d)?
-2
Let h(l) = -3*l - 8. Suppose -5*o - 14 = 16. Calculate h(o).
10
Let x(o) = -o**2 + o + 1. Let h(w) = -8*w - 1. Let t(p) = h(p) + x(p). What is t(-6)?
6
Let o(r) = -r**3 - 16*r**2 + 19*r + 36. Let w be o(-17). Let z(c) = c**3 - c**3 + 2 + c**2 + c**3 - 2*c. Calculate z(w).
10
Let h(z) = 2*z + 3 - 7*z**2 + 8*z**2 - 6*z. Determine h(4).
3
Let d(t) = -3 - 4*t - 5*t + 4 + 8*t. Give d(6).
-5
Let f(o) = 10*o - 6*o - 8*o + 2 - o + 2*o**2. Determine f(3).
5
Let q(f) be the third derivative of 0*f - 1/8*f**4 + 0 - 3*f**2 - 1/2*f**3 - 1/60*f**5. Give q(-5).
-13
Let c(y) = 14*y**3 - 1. Let d be c(1). Suppose 38 - d = 5*l. Let h(n) = 0*n**3 + 9 + 10*n**2 - 5*n - 3 - 4*n**2 - n**3. Determine h(l).
6
Let d(v) be the second derivative of -2*v**3/3 - 4*v. Determine d(-2).
8
Suppose -2*z = -5*w - 32, 2*z = 6*z + w - 20. Let f be (z + -2)/2 - -3. Let j(n) = -n**2 + 4*n + 1. Let s be j(f). Let h(o) = -o. What is h(s)?
4
Let z(n) = 8*n - 1. Let p(u) = -u. Suppose -2*l - 6 = -l. Let x(t) = l*p(t) - z(t). Give x(4).
-7
Suppose -4 = -10*r + 8*r. Suppose 0 = 2*q - 6*q + 12. Let o(z) = 3*z + 0*z - 2*z - q*z**2. Give o(r).
-10
Let r(h) be the first derivative of -4*h**3/3 - h - 12. Let c(g) = g**3 - 5*g**2 - g + 4. Let p be c(5). What is r(p)?
-5
Let g(z) be the third derivative of z**6/120 - z**5/15 - z**4/6 - 33*z**2. What is g(5)?
5
Let t(u) = -u - 2*u + 4*u. Let j be t(2). Let d(s) be the second derivative of -s**3/6 - s. Determine d(j).
-2
Suppose 15*j - 8 = 11*j. Let v(k) be the third derivative of 0*k**3 + 1/120*k**6 - 1/12*k**4 - 2*k**j + 0*k + 0 - 1/15*k**5. Determine v(4).
-8
Let u(g) = -1 - 3 + 5 + 3*g - 2*g. What is u(5)?
6
Let d be (-3)/5*(-15)/(-3). Let x(f) = -5*f - 3. Give x(d).
12
Let f(h) = -3*h**3. Let r be 2 + 2 + (-2 - -1). Suppose -r*p + 2*p = -2. Suppose -p*t = -t - 1. Give f(t).
-3
Let o(u) be the third derivative of -u**4/24 - 2*u**3/3 - 5*u**2. What is o(5)?
-9
Let m(l) = 4*l**3 + 15*l**2 - 10*l - 16. Let o(w) = 3*w**3 + 10*w**2 - 7*w - 11. Let j(f) = 5*m(f) - 7*o(f). Determine j(3).
12
Let z(t) be the second derivative of t**4/12 + t**3/6 - 4*t**2 + t. Suppose -x - x = 0. Give z(x).
-8
Let f(b) be the second derivative of -b**7/840 - b**6/180 + b**5/60 - b**4/12 + b**3/3 - 3*b. Let x(z) be the second derivative of f(z). Calculate x(-3).
1
Suppose 2*r = 3 - 5. Let f(j) = 15*j - 2. Let o = 13 + -18. Let g(c) = -29*c + 3. Let y(u) = o*f(u) - 3*g(u). What is y(r)?
-11
Let g = 1 + 5. Let u be (84/98)/((-1)/(-7)). Let h(c) = -2*c**2 + c**2 - 27 + u*c + 24. Calculate h(g).
-3
Let r(p) be the third derivative of -p**5/60 + 5*p**3/6 - 13*p**2. Determine r(0).
5
Let x(l) = l**2 - l + 2. Let w be x(4). Let o(i) = 0*i**3 + 2 + 2*i**2 + i**3 + 6*i + 4*i - w*i. Calculate o(2).
10
Let v(d) = -d**3 - d**2 + d. Let j(n) = -4*n**3 - 4*n**2 + 7*n. Let g(i) = j(i) - 3*v(i). What is g(-3)?
6
Let v(o) = 23*o**2 + 4*o - 3 - 7*o**2 - 10*o**2. Determine v(2).
29
Let p(j) be the third derivative of j**6/120 + 7*j**5/60 - j**4/12 - 5*j**3/3 + 4*j**2. Let l be p(-7). Let k(u) = u**2 - 2*u + 2. Determine k(l).
10
Let l(i) = -4*i - 3. Let o be (-5)/(-3) + -1 + 8/(-3). Determine l(o).
5
Let d(x) = -13*x**3 - 33*x**2 + 9*x - 11. Let w(u) = 3*u**3 + 8*u**2 - 2*u + 3. Let h(p) = -2*d(p) - 9*w(p). Let r be ((-6)/(-1))/(4/(-4)). Give h(r).
-5
Let m(o) = -7*o**3 + 3*o**2 + 8*o - 16. Let p(x) = -x**3 - x**2 + x - 1. Let a(s) = m(s) - 6*p(s). Give a(9).
8
Let r(j) = -3*j**3 + 5*j**2 - 11*j - 17. Let g(f) = 5*f**3 - 7*f**2 + 17*f + 26. Let b(i) = 5*g(i) + 8*r(i). Determine b(-5).
9
Let n(k) = -k + 1. Let s(v) = -4*v + 17. Let o(h) = 5*n(h) - s(h). What is o(9)?
-21
Let s(q) be the third derivative of -q**5/60 - q**4/24 - 7*q**3/6 - 8*q**2. Give s(0).
-7
Let l(m) = 3*m + 1. Let f(h) = -h - 8. Let v be f(8). Let x be (-2)/(-8) + (-12)/v. Give l(x).
4
Let w be 4 + -4 + 7/(-1). Let n(c) = -c**3 - 6*c**2 + 8*c + 5. Determine n(w).
-2
Let m(b) = -2*b + 6. Let g = -12 - -17. What is m(g)?
-4
Let v = 7 - 10. Let d(y) = -y**2 - 1. Let l(h) = -3*h**2 - 4*h - 4. Let i(p) = 2*d(p) - l(p). Give i(v).
-1
Let x(r) be the first derivative of 7*r**2/2 + r + 1. Give x(-1).
-6
Let c(t) be the second derivative of t + 1/12*t**4 + 0 - 1/2*t**3 - 3/2*t**2. Give c(5).
7
Let t(h) = -9*h - 1. Let r = -13 - -14. Determine t(r).
-10
Let u(l) = l**3 - 2*l**2 + 1. Let a(w) = 2*w - 5. Let s(p) = 4*p - 10. Let n(z) = 13*a(z) - 6*s(z). Let o be n(4). Suppose -o*r - 2*r = -10. Determine u(r).
1
Let r(w) be the third derivative of w**6/60 - w**5/30 - w**4/24 - w**3/6 + w**2. Suppose -6*z + 5 = -z. Suppose 5*x = -3*y + 5 + z, 5*y - 10 = -2*x. Give r(y).
5
Let h(k) = -2*k + 16. Let c be h(11). Let b(l) = 4 + l - 4. Calculate b(c).
-6
Let i(n) = n**3 + 3*n**2 - 1. Let c(t) = t + 4. Let p be c(0). Suppose w - p = 3*w. What is i(w)?
3
Let i(o) be the first derivative of -2*o**3/3 + 3*o**2/2 + 2*o - 11. Give i(3).
-7
Let x(n) = -n + 2. Let q = 18 - 15. Give x(q).
-1
Let w(o) be the first derivative of -1 + 1/2*o**2 - 1/3*o**3 - 5*o. Suppose -5*x = -8*x. What is w(x)?
-5
Let q(y) be the second derivative of y**3/6 + 5*y**2 + 3*y + 13. Give q(-6).
4
Suppose 5*j = -4*j. Let t(b) = b**3 - b - 3. Calculate t(j).
-3
Let m(x) be the second derivative of x**4/12 + x**3/6 + 7*x**2/2 - x. Let h be 3 - (-1 - 0 - 0). Let j be 30/105 + h/(-14). Give m(j).
7
Let q(y) = 1. Let p(r) = -2*r + 8. Let d(z) = p(z) - 6*q(z). Let b(a) = -3*a. Let g be b(-1). Give d(g).
-4
Let u(l) be the first derivative of -l**3/2 - l - 4. Let k(g) be the first de